{"id":86,"date":"2019-09-29T15:26:01","date_gmt":"2019-09-29T15:26:01","guid":{"rendered":"http:\/\/dres-hero.de\/?page_id=86"},"modified":"2022-11-27T16:27:23","modified_gmt":"2022-11-27T16:27:23","slug":"publikationen","status":"publish","type":"page","link":"https:\/\/dres-hero.de\/index.php\/dr-antje-heine\/publikationen\/","title":{"rendered":"Publikationen"},"content":{"rendered":"\n<h4 class=\"wp-block-heading\"><strong>A Monografien und Herausgeberschaften<\/strong><\/h4>\n\n\n\n<p>zus. mit Altmayer, Claus \/ Biebigh\u00e4user, Katrin \/ Haberzettl, Stefanie: Handbuch Deutsch als Fremd- und Zweitsprache. Kontexte \u2013 Themen \u2013 Methoden. Stuttgart, 2021. (DOI: 10.1007\/978-3-476-04858-5)<\/p>\n\n\n\n<p>zus. mit Ro\u00df, Tilo: Der Verbrennungsmotor \u2013 ein Antrieb mit Vergangenheit und Zukunft. Beitr\u00e4ge zu Methoden, Verfahren und technischen L\u00f6sungen. Wiesbaden, 2018. (DOI:  <a href=\"https:\/\/doi.org\/10.1007\/978-3-658-19291-4\" target=\"_blank\" rel=\"noreferrer noopener\" aria-label=\" (opens in a new tab)\">https:\/\/doi.org\/10.1007\/978-3-658-19291-4<\/a>)<\/p>\n\n\n\n<p>Funktionsverbgef\u00fcge\nrichtig verstehen und verwenden. Ein korpusbasierter Leitfaden unter Angabe der\nfinnischen \u00c4quivalente. Frankfurt am Main et. al. [Finnische Beitr\u00e4ge zur Germanistik 23] 2008.<\/p>\n\n\n\n<p>Funktionsverbgef\u00fcge in System, Text und korpusbasierter\n(Lerner-)Lexikografie. Frankfurt am Main et. al. [Finnische Beitr\u00e4ge zur\nGermanistik 18] 2006.<\/p>\n\n\n\n<p>zus. mit Hennig, M. \/ Tschirner, E.: Deutsch als Fremdsprache. Konturen\nund Perspektiven eines Faches. Festschrift f\u00fcr Barbara Wotjak zum 65.\nGeburtstag. M\u00fcnchen, 2005.<\/p>\n\n\n\n<h4 class=\"wp-block-heading\"><strong>B Zeitschriften- und Buchbeitr\u00e4ge<\/strong><\/h4>\n\n\n\n<p>zus. mit Brachmann, Katja: Welche Sprache(n) brauchen wir? Auf dem Weg zu einem Sprachenkonzept an der Brandenburgischen Technischen Universit\u00e4t Cottbus-Senftenberg. In: Klepper-Pang, Almut \/ Bahr, Andreas (Hg.): Sprachen. Politik. Sprachenpolitik. Der Beitrag der Sprachenzentren zur Hochschule der Zukunft. Bochum [FLF 54] 2022, 429\u2013447.<\/p>\n\n\n\n<p>zus. mit <strong>Schirrmeister, Lars<\/strong> \/ Rummel, Marlene \/ Suppus, Nina \/ Mendoza S\u00e1nchez, B\u00e1rbara: <em>Gingko<\/em> \u2013 ein Korpus der ingenieurwissenschaftlichen Sprache. In: <em>Deutsch als Fremdsprache<\/em> 4\/2021<em>, 214\u2013224<\/em>.<\/p>\n\n\n\n<p>Die Situation der deutschen Sprache in der Welt. In: Altmayer, Claus \/ Biebigh\u00e4user, Katrin \/ Haberzettl, Stefanie \/ Heine, Antje (Hg.): Handbuch Deutsch als Fremd- und Zweitsprache. Kontexte \u2013 Themen \u2013 Methoden. Stuttgart, 2021, 38\u201349.<\/p>\n\n\n\n<p>Weder Grammatik noch Lexikon \u2013 Funktionsverbgef\u00fcge im Wandel der Forschung(sge-schichte). In: De Knop, Sabine \/ Hermann, Manon (Hg.): Funktionsverbgef\u00fcge im Fokus. Theoretische, didaktische und kontrastive Perspektiven. Berlin\/Boston, 2020, 15\u201337.<\/p>\n\n\n\n<p>Wozu (ge-)brauchen Ingenieure figurative Verben? Eine Analyse auf Basis wissenschaftlicher Artikel.<em> <\/em>In: <em>Informationen Deutsch als Fremdsprache<\/em>, 2019. (DOI:  <a href=\"https:\/\/doi.org\/10.1515\/infodaf-2019-0057\">https:\/\/doi.org\/10.1515\/infodaf-2019-0057<\/a>)<\/p>\n\n\n\n<p>zus. mit <strong>Rummel,\nMarlene<\/strong>: Von lexikalischen Markern zu komplexen Mustern \u2013\nzum semantischen Profil automobiltechnischer Fachtexte. In: <em>Fachsprache.<\/em>\n<em>Journal of Professional and\nScientific Communication 3\u20134\/2019, 123\u2013141.<\/em><\/p>\n\n\n\n<p>zus. mit Schirrmeister, Lars \/ Anderson, Matthew: The Better the Description, the Better the Instruction \u2013 Passives in the German Language of (Automotive) Engineering. In:<em> German as a foreign language <\/em>2\/2019, 1\u201319 (<a href=\"http:\/\/www.gfl-journal.de\/2-2019\/heine.pdf\" target=\"_blank\" rel=\"noreferrer noopener\" aria-label=\" (opens in a new tab)\">http:\/\/www.gfl-journal.de\/2-2019\/heine.pdf<\/a>).<\/p>\n\n\n\n<p>zus. mit Rummel, Marlene: Funktion statt Transformation \u2013\nkausale Relationen in wissenschaftlichen Texten. In: Busch-Lauer, Ines-Andrea\n(Hg.): DaFF-Impulse \u2013 Deutsch als Fremd- und Fachsprache an Hochschulen,\nBerlin, 2019, 11-32.<\/p>\n\n\n\n<p>Was\nhaben Maschinenbaustudenten mit Rettungssanit\u00e4tern gemeinsam? Ein Pl\u00e4doyer f\u00fcr\nhandlungsorientierte berufs(gruppen)spezifische Lehrwerke. In: Deutsch als\nFremdsprache 1\/2018, 14-24.<\/p>\n\n\n\n<p>Auch\nIngenieure k\u00f6nnen schreiben \u2013 sie schreiben nur anders. Ein Beitrag aus\nsprachwissenschaftlicher Perspektive. In: Ro\u00df, Tilo \/ Heine, Antje\n(Hg.): Der Verbrennungsmotor \u2013 ein Antrieb mit Vergangenheit und Zukunft.\nBeitr\u00e4ge zu Methoden, Verfahren und technischen L\u00f6sungen. Wiesbaden, 2018,\n737-750.<\/p>\n\n\n\n<p>Von\nder Zugangsvoraussetzung zur Studierf\u00e4higkeit. Eine exemplarische Studie aus\ndem Maschinenbau. In: Tschirner, Erwin \/ M\u00f6hring, Jupp \/ Cothrun, Keith (Hg.):\nDeutsch als zweite Bildungssprache in MINT-F\u00e4chern. T\u00fcbingen [Schriften des\nHerder-Instituts 13] 2017, 141-166.<\/p>\n\n\n\n<p>Deutsch als Fremd- und Zweitsprache \u2013 eine besondere Form Leichter Sprache? \u00dcberlegungen aus der Perspektive des Faches DaF\/DaZ. In: Fix, Ulla \/ Bock, Bettina M. \/ Lange, Daisy (Hg.): \u201eLeichte Sprache\u201c im Spiegel theoretischer und angewandter Forschung. Berlin, 2017, 401-414.<\/p>\n\n\n\n<p>&nbsp;\u201eAber die m\u00fcssen doch so eine Pr\u00fcfung machen\u201c\n\u2013 zu sprachlichen Anforderungen und Voraussetzungen internationaler\nStudierender in den Ingenieurwissenschaften. In: Kontutyte, Egle \/ Zeimantiene,\nVaiva (Hg.): Sprache in der Wissenschaft. Germanistische Einblicke. Frankfurt\nam Main et. al. [Duisburger Arbeiten zur Sprach- und Kulturwissenschaft 111]\n2016, 295-310.<\/p>\n\n\n\n<p>zus. mit Koschmider, Agnes \/ Ullrich, Meike \/\nOberweis, Andreas: Revising the Vocabulary of Business Process Element Labels.\nIn: Zdravkovic, Jelena&nbsp;\/&nbsp;Kirikova, Marite&nbsp;\/&nbsp;Johannesson,\nPaul (Hg.): Advanced Information Systems Engineering. 27th International\nConference, CAiSE 2015, Stockholm, Sweden, June 8-12, 2015, 69-83.<\/p>\n\n\n\n<p>Muster\nstatt Phraseologismen \u2013 Perspektiven f\u00fcr Deutsch als (fremde) Wissenschafts-sprache.\nIn: Lenk, Hartmut \/ Kolehmainen, Leena \/ Tiittula Liisa (Hg.): Kommunikative\nRoutinen: Formen, Formeln, Forschungsbereiche. Festschrift zum 65. Geburtstag\nvon Prof. Dr. Irma Hyv\u00e4rinen. Frankfurt am Main et. al., 2014, 115-131.<\/p>\n\n\n\n<p>Empirische\nMethoden der Phraseologieforschung im Wandel der Zeit. In: Prinz, Michael \/\nRichter-Vapaatalo, Ulrike: Idiome, Konstruktionen, \u201everbl\u00fcmte rede\u201c. Beitr\u00e4ge\nzur Geschichte der germanistischen Phraseologieforschung. Stuttgart. [Beitr\u00e4ge zur Geschichte\nder Germanistik 3]\n2012, 165-185.<\/p>\n\n\n\n<p>Von\nder Praxis zur Theorie. Wissenschafts- und Fachsprachenforschung f\u00fcr den\nUnterricht Deutsch als Fremdsprache in der DDR. In: Korhonen, Jarmo \/ Prinz,\nMichael (Hg.): Deutsch als Wissenschaftssprache im Ostseeraum \u2013 Geschichte und\nGegenwart. Frankfurt am Main et. al. [Finnische Beitr\u00e4ge zur Germanistik 27] 2011, 81-95.<\/p>\n\n\n\n<p>Fach-\nund Wissenschaftssprachen in den Ingenieurwissenschaften. In: Krumm, H.-J. \/\nFandrych, Ch. \/ Hufeisen, B. \/ Riemer, C. (Hg.): Deutsch als Fremd- und Zweitsprache.\nEin internationales Handbuch. Berlin \/ New York. [HSK 35,1] 2010, 487-492.<\/p>\n\n\n\n<p>zus.\nmit Jacobs, J. \/ K\u00fclpmann, R.: Quer zu den Feldern. Zur Topologie von Partikel-verben.\nIn: <em>Linguistische Berichte<\/em> 221, 2010,\n37-60.<\/p>\n\n\n\n<p>Wie viel Polylexikalit\u00e4t braucht ein Phraseologismus? In: Korhonen, J. \/ Mieder, W. \/ Piirainen, E. \/ Pi\u00f1el, R. (Hg.): EUROPHRAS 2008. Beitr\u00e4ge zur internationalen Phraseo-logiekonferenz vom 13.\u201316.8.2008 in Helsinki, 2010, 11-18. (online unter <a href=\"http:\/\/www.helsinki.fi\/deutsch\/europhras\/ep2008.pdf\" target=\"_blank\" rel=\"noreferrer noopener\" aria-label=\"http:\/\/www.helsinki.fi\/deutsch\/europhras\/ep2008.pdf (opens in a new tab)\">http:\/\/www.helsinki.fi\/deutsch\/europhras\/ep2008.pdf<\/a>) <\/p>\n\n\n\n<p>M\u00f6glichkeiten\nund Grenzen der Korpusanalyse f\u00fcr die Lexikografie am Beispiel eines\nW\u00f6rterbuches deutscher Funktionsverbgef\u00fcge mit finnischen \u00c4quivalenten. In:\nMellado Blanco, C. (Hg.): Theorie und Praxis der idiomatischen W\u00f6rterb\u00fccher\n[Lexicographica. Series Maior 135]. T\u00fcbingen, 2009, 233-250.<\/p>\n\n\n\n<p>Zur\nNutzbarkeit der gegenw\u00e4rtig verf\u00fcgbaren deutschen Korpora f\u00fcr die Lerner-lexikografie\nDeutsch als Fremdsprache. Anspruch und Wirklichkeit. In: <em>Deutsch als Fremdsprache<\/em> 1\/2008, 3-8.<\/p>\n\n\n\n<p>zus.\nmit Wotjak, B.: Syntaktische Aspekte der Phraseologie I:\nValenztheoretische Ans\u00e4tze. In: Burger, H. \/ Dobrovol\u2019skij, D. \/ K\u00fchn, P. \/\nNorrick, N.&nbsp;R. (Hg.): Phraseologie\/ Phraseology. Ein internationales\nHandbuch zeitgen\u00f6ssischer Forschung. Berlin \/ New York. [HSK 28,1], 2007, 41-53.<\/p>\n\n\n\n<p>Ans\u00e4tze\nzur Darstellung nicht- und schwach idiomatischer verbonominaler Wort-verbindungen\nin der zweisprachigen (Lerner-)Lexikografie Deutsch-Finnisch. In: <em>Linguistik online<\/em> 27, 2\/06.<\/p>\n\n\n\n<p><em>In Kontakt treten<\/em> oder <em>kontaktieren<\/em>? Zum Erkl\u00e4rungspotential\nelektronischer Korpora. In: <em>Deutsch als\nFremdsprache<\/em> 1\/2006, 27\u201333.<\/p>\n\n\n\n<p>Funktionsverbgef\u00fcge\nim Lernerw\u00f6rterbuch. Ein Vergleich von Langenscheidts Gro\u00dfw\u00f6rterbuch Deutsch\nals Fremdsprache (<sup>3<\/sup>2003) und De Gruyter W\u00f6rterbuch Deutsch als\nFremdsprache (2000). In: Barz, I. \/ Bergenholtz, H. \/ Korhonen, J. (Hg):\nSchreiben, Verstehen, \u00dcbersetzen, Lernen. Frankfurt am Main et. al. [Finnische\nBeitr\u00e4ge zur Germanistik 14], 2005, 345-356.<\/p>\n\n\n\n<p>zus.\nmit Wotjak, B.: \u00dcberlegungen zur Abgrenzung und Beschreibung\nverbonominaler Wortverbindungen (Wortidiome, Funktionsverbgef\u00fcge,\nKollokationen): Vorleistungen f\u00fcr die (lerner-)lexikographische Praxis. In: <em>Deutsch als Fremdsprache<\/em> 3\/2005,\n143-153.<\/p>\n\n\n\n<p>Zur\nDarstellung von Funktionsverbgef\u00fcgen in Langenscheidts Gro\u00dfw\u00f6rterbuch Deutsch\nals Fremdsprache. In: F\u00f6ldes, C. \/ Wirrer, J. (Hg.): Phraseologismen als\nGegenstand sprach- und kulturwissenschaftlicher Forschung. Akten der\nEurop\u00e4ischen Gesellschaft f\u00fcr Phraseologie und des Westf\u00e4lischen Arbeitskreises\n\u201ePhraseologie\/Par\u00f6miologie\u201c (Loccum 2002). Baltmannsweiler, 2004, 351-364.<\/p>\n\n\n\n<p>Zur\nVerflechtung von Lexikon und Grammatik am Beispiel der Funktionsverbgef\u00fcge. In:\n<em>Estudios Filol\u00f3gicos Alemanes<\/em> 2\/2003,\n237-250.<\/p>\n\n\n\n<p>zus.\nmit Wotjak, B.: Den Nagel auf den Kopf treffen: Wortidiome und\nSprichw\u00f6rter in Theorie und Praxis. In: <em>Aktuelles.\nF\u00fcr den Deutschunterricht in Finnland<\/em> (33). Goethe Institut. Internationes.\nHelsinki, 2003, 20-30.<\/p>\n\n\n\n<p>Funktionsverbgef\u00fcge\nim Lernerw\u00f6rterbuch am Beispiel von Langenscheidts Gro\u00dfw\u00f6rterbuch Deutsch als\nFremdsprache. In: <em>Neuphilologische\nMitteilungen<\/em> 1\/2002, 51-62.<\/p>\n\n\n\n<h4 class=\"wp-block-heading\"><strong>C W\u00f6rterbuchartikel<\/strong><\/h4>\n\n\n\n<p>8\nArtikel in: D\u00fcrscheid, Ch. \/ Schierholz, St. J. (Hg.) (2010): W\u00f6rterb\u00fccher zur\nSprach- und Kommunikationswissenschaft (WSK), Band \u201eGrammatik 1.1 Formenlehre\u201c.<\/p>\n\n\n\n<h4 class=\"wp-block-heading\"><strong>D Konferenz- und Projektberichte<\/strong><\/h4>\n\n\n\n<p>zus.\nmit Oehmichen, Kathleen \/ Ro\u00df, Tilo: Zur Sprachkompetenz internationaler\nStudierender. Befragung von Studierenden und Lehrenden in den\nIngenieurwissen-schaften. 2016. Online unter:\nhttps:\/\/tu-dresden.de\/bu\/verkehr\/iad\/lvm\/studium\/ sprachkompetenz<\/p>\n\n\n\n<p>Heine,\nA. \/ Helomaa, S. \/ Liimatainen, A. \/ M\u00f6ller-Kiero, J. \/ Richter-Vapaatalo, U. \/\nVesalainen, M.: Internationale Konferenz <em>Phraseologie\nglobal \u2013 areal \u2013 regional<\/em> (Helsinki, 13.-16. August 2008). In: <em>Neuphilologische Mitteilungen<\/em> 2\/2009,\n255-263.<\/p>\n\n\n\n<h4 class=\"wp-block-heading\"><strong>E Rezensionen und Lehrwerksbesprechungen<\/strong><\/h4>\n\n\n\n<p>Hueber:\nVisuelles Fachw\u00f6rterbuch Kfz-Mechatronik \/ Visuelles Fachw\u00f6rterbuch\nFriseurhandwerk. In: <em>Deutsch als Fremdsprache<\/em> 3\/2019, 172\u2013176.<\/p>\n\n\n\n<p>Staffeldt,\nSven (2018): Gebrauchssemantik von Hand. Korpusbasierte Studien zu somatischen\nPhraseologismen des Deutschen mit der Konstituente Hand. T\u00fcbingen. In: <em>Yearbook of Phraseology<\/em> 2018, 170-172.<\/p>\n\n\n\n<p>Wettemann,\nUlrich (2016): Formelhafte Sequenzen im Fremdsprachenunterricht. Eine\nInterviewstudie bez\u00fcglich der erweiterten Vorstellungen mexikanischer\nDaF-Lerner vom Fremdsprachenlernen durch neue Lernerfahrungen mit formelhaften\nSequenzen. In: <em>Deutsch als Fremdsprache<\/em> 2\/2018, 110-111.<\/p>\n\n\n\n<p>Deutsch\nf\u00fcr chinesische Kfz-Mechatroniker (2014). Hrsg. vom Goethe-Institut China. In: <em>Deutsch als Fremdsprache <\/em>1\/2016, 49-53.<\/p>\n\n\n\n<p>Burger,\nHarald (2010): Phraseologie. Eine Einf\u00fchrung am Beispiel des Deutschen. 4., neu\nbearbeitete Auflage. Erich Schmidt Verlag, Berlin. In: <em>Neuphilologische Mitteilungen<\/em> 2\/2014, 252-254.<\/p>\n\n\n\n<p>T\u00f6pel,\nAntje (2011): Der Definitionswortschatz im einsprachigen Lernerw\u00f6rterbuch des\nDeutschen. Anspruch und Wirklichkeit. Narr Francke Attempto Verlag, T\u00fcbingen.\nIn: <em>Deutsch als Fremdsprache<\/em> 1\/2014,\n50-52.<\/p>\n\n\n\n<p>Kamber,\nAlain (2008): Funktionsverbgef\u00fcge \u2013 empirisch. Eine korpusbasierte Untersuchung\nzu den nominalen Pr\u00e4dikaten des Deutschen. Niemeyer, T\u00fcbingen. In: <em>Deutsch als Fremdsprache<\/em> 4\/2010,\n244-245.<\/p>\n\n\n\n<p>Jarmo\nKorhonen (Hg.) (2008): Saksa\u2013suomi suursanakirja \/ Gro\u00dfw\u00f6rterbuch\nDeutsch-Finnisch. Werner S\u00f6derstr\u00f6m Oy, Juva. In: <em>Deutsch als Fremdsprache<\/em> 2\/2010, 125-126.<\/p>\n\n\n\n<p>Werner\nKallmeyer \/ Gisela Zifonun (Hg.) (2007): Sprachkorpora \u2013 Datenmengen und\nErkenntnisfortschritt. Walter de Gruyter, Berlin \/ New York [Institut f\u00fcr\nDeutsche Sprache. Jahrbuch 2006]. In: <em>Deutsch\nals Fremdsprache<\/em> 4\/2008, 244-245.<\/p>\n\n\n\n<p>Kathrin\nSteyer (Hg.) (2004): Wortverbindungen \u2013 mehr oder weniger fest. Walter de\nGruyter, Berlin \/ New York. [Institut f\u00fcr Deutsche Sprache. Jahrbuch 2003]. In:\n<em>Deutsch als Fremdsprache<\/em> 3\/2006,\n186\u2013187.<\/p>\n\n\n\n<p>Jan\nSeifert: (2004): Funktionsverbgef\u00fcge in der deutschen Gesetzessprache (18.-20.\nJahrhundert). Georg Olms Verlag, Hildesheim \/ Z\u00fcrich \/ New York. In: <em>Neuphilologische Mitteilungen<\/em> 4\/2005,\n514-516.<\/p>\n\n\n\n<p>Dieter\nG\u00f6tz \/ G\u00fcnther Haensch \/ Hans Wellmann (<sup>3<\/sup>2003): Langenscheidt Gro\u00dfw\u00f6rterbuch\nDeutsch als Fremdsprache. Langenscheidt, Berlin et.&nbsp;al. In: <em>Deutsch als Fremdsprache<\/em> 3\/2004,\n186-187.<\/p>\n","protected":false},"excerpt":{"rendered":"<p>A Monografien und Herausgeberschaften zus. mit Altmayer, Claus \/ Biebigh\u00e4user, Katrin \/ Haberzettl, Stefanie: Handbuch Deutsch als Fremd- und Zweitsprache. Kontexte \u2013 Themen \u2013 Methoden. Stuttgart, 2021. (DOI: 10.1007\/978-3-476-04858-5) zus. mit Ro\u00df, Tilo: Der Verbrennungsmotor \u2013 ein Antrieb mit Vergangenheit und Zukunft. Beitr\u00e4ge zu Methoden, Verfahren und technischen L\u00f6sungen. Wiesbaden, 2018. (DOI: https:\/\/doi.org\/10.1007\/978-3-658-19291-4) Funktionsverbgef\u00fcge richtig &hellip; <\/p>\n<p class=\"link-more\"><a href=\"https:\/\/dres-hero.de\/index.php\/dr-antje-heine\/publikationen\/\" class=\"more-link\">Continue reading<span class=\"screen-reader-text\"> &#8220;Publikationen&#8221;<\/span><\/a><\/p>\n","protected":false},"author":1,"featured_media":0,"parent":39,"menu_order":0,"comment_status":"closed","ping_status":"closed","template":"","meta":{"footnotes":""},"class_list":["post-86","page","type-page","status-publish","hentry"],"_links":{"self":[{"href":"https:\/\/dres-hero.de\/index.php\/wp-json\/wp\/v2\/pages\/86","targetHints":{"allow":["GET"]}}],"collection":[{"href":"https:\/\/dres-hero.de\/index.php\/wp-json\/wp\/v2\/pages"}],"about":[{"href":"https:\/\/dres-hero.de\/index.php\/wp-json\/wp\/v2\/types\/page"}],"author":[{"embeddable":true,"href":"https:\/\/dres-hero.de\/index.php\/wp-json\/wp\/v2\/users\/1"}],"replies":[{"embeddable":true,"href":"https:\/\/dres-hero.de\/index.php\/wp-json\/wp\/v2\/comments?post=86"}],"version-history":[{"count":16,"href":"https:\/\/dres-hero.de\/index.php\/wp-json\/wp\/v2\/pages\/86\/revisions"}],"predecessor-version":[{"id":247,"href":"https:\/\/dres-hero.de\/index.php\/wp-json\/wp\/v2\/pages\/86\/revisions\/247"}],"up":[{"embeddable":true,"href":"https:\/\/dres-hero.de\/index.php\/wp-json\/wp\/v2\/pages\/39"}],"wp:attachment":[{"href":"https:\/\/dres-hero.de\/index.php\/wp-json\/wp\/v2\/media?parent=86"}],"curies":[{"name":"wp","href":"https:\/\/api.w.org\/{rel}","templated":true}]}}